33.
13, 53, 48497
What are the prime factors of 24036493?
13, 373, 4957
What are the prime factors of 676381635?
3, 5, 17, 884159
What are the prime factors of 4555615757?
7, 11, 31, 173501
List the prime factors of 108049655.
5, 7, 191, 2309
List the prime factors of 95035988.
2, 1621, 14657
What are the prime factors of 371527879?
73, 5089423
List the prime factors of 7107203.
7107203
What are the prime factors of 323801700?
2, 3, 5, 1079339
List the prime factors of 12963452.
2, 17, 190639
What are the prime factors of 219010919?
241, 908759
What are the prime factors of 4629784435?
5, 19, 31, 1572083
What are the prime factors of 37824765?
3, 5, 11, 23, 9967
List the prime factors of 5075915.
5, 13, 6007
List the prime factors of 638056453.
37, 53, 331, 983
What are the prime factors of 340351095?
3, 5, 7, 1019, 3181
List the prime factors of 2674367160.
2, 3, 5, 2161, 10313
What are the prime factors of 1756814503?
59, 101, 113, 2609
What are the prime factors of 368861037?
3, 397, 309707
List the prime factors of 19990232.
2, 17, 146987
List the prime factors of 29090825.
5, 17, 68449
List the prime factors of 225707368.
2, 17, 1659613
What are the prime factors of 584142729?
3, 17, 149, 76871
List the prime factors of 1544867075.
5, 61794683
List the prime factors of 227903594.
2, 19, 5997463
List the prime factors of 2237111357.
13, 19, 151, 59981
What are the prime factors of 308318910?
2, 3, 5, 23, 446839
What are the prime factors of 146836139?
146836139
List the prime factors of 3347564160.
2, 3, 5, 1743523
List the prime factors of 4328033192.
2, 7, 11040901
What are the prime factors of 439890826?
2, 313, 702701
List the prime factors of 3254416877.
107, 30415111
What are the prime factors of 28942927?
13, 383, 5813
What are the prime factors of 157675134?
2, 3, 311, 84499
List the prime factors of 73604566.
2, 7, 83, 9049
List the prime factors of 46402702.
2, 23201351
List the prime factors of 5874930.
2, 3, 5, 7253
What are the prime factors of 375743995?
5, 11, 6831709
What are the prime factors of 177093378?
2, 3, 7, 11, 14197
What are the prime factors of 2431306766?
2, 7, 19, 1907, 4793
List the prime factors of 2711801352.
2, 3, 13, 2311, 3761
What are the prime factors of 15161833?
15161833
What are the prime factors of 95864961?
3, 149, 214463
What are the prime factors of 322772053?
37, 8723569
What are the prime factors of 519667587?
3, 2683, 21521
List the prime factors of 23404840.
2, 5, 293, 1997
What are the prime factors of 30918448?
2, 11, 175673
List the prime factors of 9870342.
2, 3, 37, 173, 257
List the prime factors of 3897426226.
2, 1948713113
List the prime factors of 1272282821.
1272282821
What are the prime factors of 42536709?
3, 4726301
List the prime factors of 1252592991.
3, 13, 103, 11549
What are the prime factors of 768076040?
2, 5, 2591, 7411
List the prime factors of 170443042.
2, 7, 11, 67, 16519
What are the prime factors of 38704883?
7, 23, 311, 773
What are the prime factors of 2997509416?
2, 11, 37, 113, 8147
What are the prime factors of 106297795?
5, 21259559
What are the prime factors of 80080585?
5, 13, 41, 151, 199
What are the prime factors of 491179732?
2, 167, 353, 2083
List the prime factors of 400802877.
3, 14844551
List the prime factors of 2323012690.
2, 5, 151, 1538419
What are the prime factors of 836802517?
836802517
What are the prime factors of 152187283?
19, 2351, 3407
What are the prime factors of 138121807?
2027, 68141
List the prime factors of 3917574315.
3, 5, 31, 47, 2213
What are the prime factors of 344649?
3, 114883
What are the prime factors of 5632557957?
3, 13, 48141521
List the prime factors of 32462843.
7, 17, 38971
What are the prime factors of 4416447775?
5, 176657911
List the prime factors of 4647627120.
2, 3, 5, 1163, 16651
What are the prime factors of 2831269688?
2, 13, 27223747
List the prime factors of 2601112.
2, 347, 937
What are the prime factors of 59023841?
103, 573047
List the prime factors of 52157345.
5, 31, 336499
List the prime factors of 44374505.
5, 7, 17, 41, 107
What are the prime factors of 11253861?
3, 53, 23593
What are the prime factors of 1055744747?
19, 103, 409, 1319
List the prime factors of 2660977.
11, 241907
List the prime factors of 18587106.
2, 3, 1032617
What are the prime factors of 235006501?
479, 490619
List the prime factors of 415740776.
2, 11, 4724327
List the prime factors of 68590167.
3, 1033, 22133
What are the prime factors of 2886255557?
41, 107, 657911
List the prime factors of 3003061.
3003061
List the prime factors of 3702954521.
7, 528993503
What are the prime factors of 30234767?
30234767
What are the prime factors of 20334469?
617, 32957
List the prime factors of 1250614835.
5, 277, 902971
What are the prime factors of 581358604?
2, 47, 139, 22247
List the prime factors of 5169384152.
2, 89, 7260371
What are the prime factors of 140165143?
140165143
What are the prime factors of 54811882?
2, 27405941
List the prime factors of 75876737.
75876737
What are the prime factors of 248798019?
3, 151, 307, 1789
List the prime factors of 2458503951.
3, 41, 53, 377129
What are the prime factors of 49745631?
3, 13, 73, 101, 173
List the prime factors of 700174962.
2, 3, 1559, 8317
List the prime factors of 353632786.
2, 13, 29, 469009
What are the prime factors of 224601087?
3, 74867029
What are the prime factors of 3221486111?
17, 173, 647, 1693
List the prime factors of 68931625.
5, 7, 78779
List the prime factors of 715621294.
2, 827, 432661
What are the prime factors of 6805831?
17, 61, 6563
What are the prime factors of 75639952?
2, 4727497
List the prime factors of 2886370791.
3, 541, 1778417
List the prime factors of 425958992.
2, 26622437
What are the prime factors of 822256196?
2, 97, 461, 4597
What are the prime factors of 4019857992?
2, 3, 83, 672667
What are the prime factors of 1839778748?
2, 2699, 170413
List the prime factors of 81025611.
3, 27008537
What are the prime factors of 156349728?
2, 3, 41, 13241
List the prime factors of 663312804.
2, 3, 7, 11, 9323
What are the prime factors of 55289073?
3, 7, 229, 11497
List the prime factors of 378460042.
2, 8039, 23539
What are the prime factors of 65878263?
3, 11, 19, 35023
List the prime factors of 75832962.
2, 3, 12638827
What are the prime factors of 1394276676?
2, 3, 13, 227, 39373
What are the prime factors of 109078202?
2, 19, 181, 15859
List the prime factors of 256040878.
2, 128020439
List the prime factors of 665766427.
17, 29, 613, 2203
List the prime factors of 6701228338.
2, 7, 311, 219871
What are the prime factors of 525819256?
2, 1831, 35897
List the prime factors of 3139088321.
3139088321
What are the prime factors of 555808277?
9931, 55967
What are the prime factors of 79120713?
3, 7, 23, 163811
List the prime factors of 2001198332.
2, 7, 19, 71, 52981
What are the prime factors of 662789976?
2, 3, 353, 78233
List the prime factors of 17836285.
5, 83, 42979
What are the prime factors of 38662295?
5, 7, 101, 10937
What are the prime factors of 34003007?
263, 129289
What are the prime factors of 62045752?
2, 67, 115757
List the prime factors of 225320655.
3, 5, 7, 131, 16381
List the prime factors of 932178357.
3, 11, 17, 673, 823
What are the prime factors of 324567478?
2, 29, 37, 151243
List the prime factors of 109430691.
3, 239, 152623
List the prime factors of 39597335.
5, 17, 67, 409
What are the prime factors of 55640459?
7, 7948637
List the prime factors of 773896226.
2, 23, 16823831
List the prime factors of 163034075.
5, 6521363
What are the prime factors of 775870154?
2, 387935077
List the prime factors of 334703007.
3, 29, 1282387
What are the prime factors of 5010234066?
2, 3, 193, 1442209
List the prime factors of 200997144.
2, 3, 29, 96263
What are the prime factors of 91259912?
2, 1811, 6299
List the prime factors of 75492827.
229, 329663
List the prime factors of 2153020099.
7489, 287491
List the prime factors of 455787022.
2, 1567, 145433
What are the prime factors of 1007311921?
7, 11, 13081973
What are the prime factors of 351534387?
3, 117178129
What are the prime factors of 1175358625?
5, 7, 907, 1481
What are the prime factors of 41760124?
2, 7, 37, 173, 233
List the prime factors of 34358974.
2, 13, 31, 47, 907